) = 42*b**3 + 4*b**2 + 6*b + 3. Determine c(-1).
-41
Let n(h) = -h + 5. Give n(2).
3
Let p(l) = -l**2 + 66*l + 3144. Determine p(98).
8
Let j(v) = -v**3 + 30*v**2 - 177*v + 4. Determine j(8).
-4
Let u(x) = -x**2 - 24*x + 48. Calculate u(-21).
111
Let d(q) = -q**3 - 71*q**2 + 73*q - 126. Give d(-72).
-198
Let j(b) = b**2 - 27*b - 124. Give j(-4).
0
Let a(v) = 558*v - 5584. Calculate a(10).
-4
Let x(u) = 116*u + 1685. Give x(-14).
61
Let r(i) = -43*i + 422. Determine r(8).
78
Let l(y) = -2*y**3 - 16*y**2 - 12*y - 849. What is l(-11)?
9
Let t(i) = -2*i**3 - 41*i**2 + 22*i + 7. Calculate t(-21).
-14
Let b(q) = -2*q**3 + 8*q**2 - 6*q - 6. What is b(2)?
-2
Let q(l) = 450*l**2 - 21602*l + 104. Calculate q(48).
8
Let z(j) = j**2 - 23*j + 105. Give z(6).
3
Let m(s) = -45*s - 15. Calculate m(1).
-60
Let r(l) = l**3 + 7*l**2 - 8*l + 6. Determine r(0).
6
Let b(n) = -1079*n + 230. Give b(1).
-849
Let n(u) = 2*u**3 - u**2 + 12*u - 10. What is n(0)?
-10
Let d(f) = 631*f + 7560. Give d(-12).
-12
Let j(a) = 3670*a - 11016. Give j(3).
-6
Let g(p) = 8*p**2 - 24*p - 4. What is g(4)?
28
Let f(u) = 3*u**2 - 46*u - 222. Calculate f(-4).
10
Let t(k) = -198*k + 1767. Determine t(9).
-15
Let f(t) = 7*t**2 - 207*t + 163. Determine f(29).
47
Let y(k) = 21*k**2 + 566*k - 15. Calculate y(-27).
12
Let u(h) = -46*h - 855. Determine u(-19).
19
Let j(t) = 8*t**2 - 49*t + 71. Give j(4).
3
Let r(z) = z**3 + 13*z**2 - 41*z + 67. What is r(-16)?
-45
Let n(b) = 2078*b - 14541. Give n(7).
5
Let a(t) = -59*t**3 + t**2 - 4*t - 4. Determine a(-1).
60
Let q(z) = 3*z**3 - 193*z**2 - 129*z - 58. Determine q(65).
7
Let h(r) = -71*r - 3128. Determine h(-44).
-4
Let k(q) = -q**2 + 32*q + 874. Determine k(50).
-26
Let a(p) = -p**3 + 130*p**2 - 135*p + 795. Calculate a(129).
21
Let d(z) = -38*z - 131. What is d(-4)?
21
Let w(l) = 13*l + 467. Give w(-35).
12
Let o(m) = m**3 - 8*m**2 + 8*m + 13. Determine o(6).
-11
Let l(v) = -6*v**2 - 276*v - 531. Determine l(-44).
-3
Let j(f) = 2*f**3 + 18*f**2 + 37*f + 303. Give j(-9).
-30
Let q(v) = 5*v**2 - 36*v + 2. Give q(7).
-5
Let h(m) = 35*m**2 - 1135*m + 36. Give h(32).
-444
Let n(y) = -y**3 + 13*y**2 - 13*y + 22. Calculate n(14).
-356
Let x(i) = -2*i**2 - 49*i - 4. Give x(-28).
-200
Let m(k) = 27*k + 13. Determine m(2).
67
Let u(n) = -4*n**3 + 4*n**2 + 13*n + 2. Calculate u(-2).
24
Let b(v) = -45455*v + 227281. Give b(5).
6
Let i(w) = -2*w**3 - 111*w**2 - 1161*w + 18. What is i(-14)?
4
Let b(p) = 42*p - 25. What is b(0)?
-25
Let z(t) = -4*t**2 + 38*t + 328. Give z(-7).
-134
Let s(y) = -31*y - 1789. Calculate s(-58).
9
Let z(b) = 94*b**3 - 1. Give z(1).
93
Let p(d) = 2*d**2 + 133*d + 38. Give p(-66).
-28
Let l(a) = a**3 + 19*a**2 + 22*a + 12. Determine l(-18).
-60
Let n(k) = -12*k**3 - 53*k**2 - 30*k - 45. Determine n(-4).
-5
Let z(s) = -35*s**2 - 24*s + 193. Calculate z(6).
-1211
Let o(v) = 67*v - 284. What is o(4)?
-16
Let l(k) = -20*k + 24. Give l(8).
-136
Let u(g) = -29*g + 19. Determine u(-4).
135
Let k(w) = -55*w - 329. Give k(-9).
166
Let y(c) = 311*c + 41675. Calculate y(-134).
1
Let l(g) = g**2 + 20*g + 9. Give l(0).
9
Let h(a) = 641*a**2 - 104*a - 106. Determine h(-1).
639
Let g(d) = 335*d - 35. Give g(-1).
-370
Let z(s) = 2*s**3 - 12*s**2 - 17*s + 31. Determine z(7).
10
Let i(c) = -c**3 - 26*c**2 - 28*c + 13. Give i(-25).
88
Let u(t) = 14*t - 595. Give u(42).
-7
Let m(c) = -c**3 + 14*c**2 + 31*c - 9. What is m(16)?
-25
Let f(k) = 240*k - 1428. Determine f(6).
12
Let s(l) = 2*l**2 + l - 599. Calculate s(-17).
-38
Let a(q) = 1430*q + 2887. Give a(-2).
27
Let t(a) = -a**3 - 7*a**2 + 80*a + 574. Determine t(-9).
16
Let k(n) = -262*n + 18077. Give k(69).
-1
Let j(z) = -5*z**2 + 183*z + 255. What is j(38)?
-11
Let a(s) = -s**3 + 5*s**2 + 18*s + 29. What is a(7)?
57
Let n(f) = 3*f**2 + 962*f - 2. Calculate n(0).
-2
Let f(q) = 2*q**2 + 21*q + 56. Determine f(-7).
7
Let k(z) = -z**3 + 41*z**2 + 8*z + 1482. Determine k(42).
54
Let v(u) = 2*u**2 + 171*u + 3480. Give v(-33).
15
Let p(d) = -9*d**2 - 98*d - 196. Calculate p(-8).
12
Let h(m) = -m**3 - 8*m**2 + 65*m + 22. What is h(-14)?
288
Let d(n) = 2*n**3 - 9*n**2 - 19*n + 54. Calculate d(4).
-38
Let w(i) = -2943*i - 20592. Determine w(-7).
9
Let y(s) = 4355*s - 30484. Give y(7).
1
Let r(l) = -l**2 - 53*l + 1755. Determine r(23).
7
Let v(a) = 421*a + 14286. Determine v(-34).
-28
Let k(f) = 108*f - 60. What is k(4)?
372
Let v(y) = 68*y + 592. What is v(-10)?
-88
Let p(s) = -60*s + 1217. Determine p(20).
17
Let r(a) = a**2 + 20*a - 1288. What is r(27)?
-19
Let s(u) = u**3 - 10*u**2 + 9*u + 70. Determine s(8).
14
Let d(r) = 2*r**3 - 214*r**2 + 627*r - 320. Determine d(104).
-8
Let b(m) = 6*m**3 - 17*m**2 + 19*m - 63. What is b(3)?
3
Let r(f) = -1676*f - 179332. Give r(-107).
0
Let g(c) = -c**3 + 53*c**2 - 13*c + 3622. Determine g(54).
4
Let b(t) = 52*t + 1217. What is b(-23)?
21
Let x(k) = -603*k + 22317. Determine x(37).
6
Let q(h) = -119*h - 623. Calculate q(-5).
-28
Let o(b) = 317*b - 363. Determine o(1).
-46
Let h(f) = 4*f**2 - 26*f - 97. What is h(-4)?
71
Let t(i) = -6*i**2 + 59*i + 442. What is t(-9)?
-575
Let m(s) = -s**3 + 21*s**2 + 6*s + 177. What is m(22)?
-175
Let s(n) = -76*n + 250. Give s(5).
-130
Let d(q) = 2*q**2 + 27*q - 1. What is d(-7)?
-92
Let t(u) = -37*u - 140. Calculate t(2).
-214
Let h(g) = g**3 - 69*g**2 + 134*g - 15. What is h(67)?
-15
Let z(n) = -102*n - 58. Calculate z(-1).
44
Let r(t) = 3*t**3 - 11*t + 2. Give r(-3).
-46
Let n(w) = 8*w + 189. Give n(-46).
-179
Let b(g) = -g**3 + 5*g**2 + 120*g + 23. What is b(-9)?
77
Let d(x) = x**3 - 4*x**2 - 30*x + 9. Give d(9).
144
Let m(f) = -4863*f + 29177. Calculate m(6).
-1
Let h(k) = 212*k + 1065. Determine h(-5).
5
Let x(v) = v**3 + 66*v**2 - 673*v - 25. What is x(9)?
-7
Let j(v) = -21*v - 10. What is j(-1)?
11
Let k(f) = 4*f**2 + 163*f - 404. Calculate k(-43).
-17
Let h(x) = 2432*x + 12166. Calculate h(-5).
6
Let g(j) = j**2 + 47*j + 541. Calculate g(-26).
-5
Let g(d) = -8*d - 278. Determine g(-25).
-78
Let c(i) = -35*i - 4175. Calculate c(-120).
25
Let t(x) = -2*x**3 + 22*x**2 - x + 34. Determine t(12).
-266
Let o(v) = 276*v**2 - 1092*v - 46. Determine o(4).
2
Let r(p) = -p**3 - 9*p**2 - 28*p - 98. Calculate r(-7).
0
Let j(i) = -i**3 + 43*i**2 + 6*i - 236. What is j(43)?
22
Let y(b) = -b**3 - b**2 + 10*b - 7. Determine y(4).
-47
Let y(t) = 7149*t + 13. Give y(0).
13
Let r(d) = -4*d**2 - 12*d + 48. Calculate r(-9).
-168
Let f(c) = -645*c - 29031. Determine f(-45).
-6
Let x(g) = 44*g - 763. What is x(18)?
29
Let o(f) = -f**3 + 9*f**2 - f + 6. Give o(-3).
117
Let p(i) = -7*i + 196. What is p(30)?
-14
Let v(c) = -c**3 - 6*c**2 + 3*c + 11. Calculate v(3).
-61
Let y(z) = -z - 60. Give y(-43).
-17
Let z(w) = -w**2 + 163*w - 1100. Calculate z(7).
-8
Let b(f) = -f**3 + 3*f**2 + 611*f - 333. Determine b(26).
5
Let c(i) = -583*i + 4688. Determine c(8).
24
Let h(d) = 913*d + 2701. Give h(-3).
-38
Let d(p) = -12*p + 662. What is d(53)?
26
Let f(b) = -b**3 + 5*b**2 + 17*b + 46. Calculate f(8).
-10
Let l(n) = -122*n + 17201. Give l(141).
-1
Let s(x) = 2*x**3 + 2*x**2 - 2*x + 1. Give s(-2).
-3
Let o(g) = 2*g**3 + 14*g**2 + 6*g + 20. Calculate o(-8).
-156
Let s(p) = -p**3 - 23*p**2 - 147*p - 47. Calculate s(-10).
123
Let f(w) = w**2 + 1733*w + 3463. Determine f(-2).
1
Let j(w) = 26*w - 1668. What is j(66)?
48
Let t(g) = 16*g + 122. What is t(-8)?
-6
Let y(w) = -140*w**2 + 15*w - 17. Determine y(2).
-547
Let m(z) = 2*z**3 + 23*z**2 + 16*z - 32. Give m(-11).
-87
Let r(k) = -890*k - 8907. Determine r(-10).
-7
Let i(f) = -f**2 + 9*f - 156. Determine i(17).
-292
Let v(n) = -2*n**2 - 161*n + 2101. Give v(-92).
-15
Let k(t) = -256*t + 5627. What is k(22)?
-5
Let j(t) = 3*t**3 - 13*t**2 - 10*t - 20. Determine j(7).
302
Let t(o) = 35*o - 86. Determine t(4).
54
Let y(r) = -234*r - 802. Determine y(-4).
134
Let h(y) = -y**3 + 54*y**2 + 55*y + 31. What is h(55)?
31
Let s(o) = -10*o**3 + 2*o**2 + 8*o - 1. Determine s(-2).
71
Let n(a) = a**2 + 592*a + 16858. Determine n(-30).
-2
Let z(f) = -64*f**2 - 701*f + 3. Determine z(-11).
-30
Let o(s) = -3*s**3 + 508*s**2 + 388*s - 8165. Give o(170).
-5
Let s(x) = -x**2 - 27*x + 618. Determine s(-41).
44
Let l(o) = o**3 - 9*o**2 + 21*o - 369. Give l(10).
-59
Let a(c) = c**3 + 2*c**2 - 1175*c - 5803. Give a(-5).
-3
Let 